ite?
True
Is 342498983965 a prime number?
False
Is 1639347373 a prime number?
True
Is 49328923979 prime?
False
Is 8156658299 composite?
False
Is 40330611509 a composite number?
False
Is 1221397169 a composite number?
False
Is 4614300929 a composite number?
True
Is 5938636255 a composite number?
True
Is 2102764441 prime?
False
Is 5846709543 composite?
True
Is 30473483351 a composite number?
False
Is 1627748471 composite?
True
Is 116337176279 a prime number?
True
Is 36269725523 composite?
False
Is 12312950453 a composite number?
False
Is 580419829 composite?
True
Is 769725083 a prime number?
True
Is 12621521323 a prime number?
False
Is 2760495583 a composite number?
False
Is 324648869 prime?
False
Is 311419351 a composite number?
False
Is 141295669 composite?
False
Is 1111436371 a composite number?
True
Is 988520186 prime?
False
Is 718549267 prime?
True
Is 800561929 composite?
False
Is 2871816193 composite?
False
Is 318632941 a composite number?
True
Is 5297217881 prime?
False
Is 13518772117 a composite number?
False
Is 21999450829 a composite number?
True
Is 26719042081 a composite number?
True
Is 226856417 prime?
False
Is 1541797171 prime?
True
Is 366478261 a composite number?
False
Is 99531613 a composite number?
False
Is 72296459479 prime?
True
Is 346774157 a composite number?
False
Is 1118139137 prime?
True
Is 4809014423 composite?
True
Is 15654313261 prime?
True
Is 13620051539 composite?
True
Is 9267463091 composite?
True
Is 21470298979 a prime number?
True
Is 2208102031 a prime number?
False
Is 3511407199 prime?
False
Is 4009942991 prime?
True
Is 107743703959 composite?
True
Is 8867443459 a prime number?
False
Is 1356764887 a prime number?
False
Is 1526294489 prime?
True
Is 3792092209 a composite number?
False
Is 217898819 a prime number?
False
Is 3058459837 composite?
False
Is 5452235251 prime?
True
Is 1391900673 a composite number?
True
Is 83644843 composite?
False
Is 13559177813 composite?
True
Is 7002530533 a prime number?
False
Is 24657305441 prime?
True
Is 4149427871 a prime number?
True
Is 13368745657 a composite number?
True
Is 2246038031 prime?
True
Is 110374953841 a composite number?
False
Is 444477815 a prime number?
False
Is 39368282731 composite?
False
Is 34732929509 composite?
False
Is 983771767 prime?
False
Is 550180981 composite?
True
Is 2534557279 a composite number?
False
Is 16227605067 prime?
False
Is 3567662003 composite?
False
Is 86008035049 prime?
False
Is 11036674951 composite?
True
Is 92517710011 a composite number?
False
Is 10359714877 composite?
False
Is 105658213 a prime number?
False
Is 1928759909 a prime number?
False
Is 36771767 a prime number?
True
Is 3203801053 composite?
False
Is 117988009 composite?
True
Is 394275557389 prime?
False
Is 60226473913 composite?
True
Is 47926747147 prime?
True
Is 843041077 prime?
False
Is 1116473717 a composite number?
False
Is 17501400379 composite?
False
Is 12114768799 a prime number?
False
Is 1856939129 composite?
False
Is 196033624903 a prime number?
True
Is 40453106429 composite?
True
Is 1469954867 a prime number?
True
Is 9400511 a composite number?
False
Is 1711298627 a prime number?
True
Is 20106724577 prime?
False
Is 3279872451 composite?
True
Is 71971454683 a composite number?
True
Is 606502651 a prime number?
True
Is 12172484749 composite?
True
Is 85099391933 composite?
False
Is 300730363 composite?
True
Is 28582374319 prime?
True
Is 573645689 a composite number?
True
Is 39483169027 a prime number?
True
Is 8109221609 prime?
False
Is 4732408207 a prime number?
False
Is 970994993 a composite number?
False
Is 26856528059 a composite number?
True
Is 5612877617 a composite number?
False
Is 1921267934 composite?
True
Is 27672496169 prime?
True
Is 94188739 prime?
False
Is 6988901837 a prime number?
True
Is 2965013323 prime?
True
Is 10306716235 a composite number?
True
Is 178326023 prime?
True
Is 6009362851 prime?
True
Is 1383825977 a composite number?
False
Is 106540663 prime?
True
Is 3044822645 a prime number?
False
Is 19820477613 composite?
True
Is 17935017369 a composite number?
True
Is 27958693853 a prime number?
False
Is 815403233 a prime number?
True
Is 1561772117 prime?
True
Is 20171019059 a prime number?
False
Is 2083970153 a composite number?
True
Is 43809533 a prime number?
True
Is 13418205607 composite?
False
Is 48327873577 a prime number?
True
Is 34599997753 composite?
True
Is 3486678145 a composite number?
True
Is 2171531099 a prime number?
True
Is 499981829 a prime number?
True
Is 73039938821 a prime number?
True
Is 120249656783 prime?
True
Is 68094487 prime?
False
Is 33203032531 prime?
False
Is 10050234605 a prime number?
False
Is 297363560717 prime?
True
Is 82965329 a composite number?
False
Is 40941821807 prime?
False
Is 10512410795 a composite number?
True
Is 1059575381 a composite number?
True
Is 4513509557 composite?
True
Is 941072801 composite?
False
Is 421416221 a composite number?
False
Is 127881779 prime?
True
Is 24403535939 prime?
True
Is 693428273 composite?
False
Is 430277437 prime?
False
Is 13484684953 a prime number?
True
Is 502077671 prime?
False
Is 6828051049 composite?
True
Is 303432901 prime?
True
Is 4759465871 a composite number?
True
Is 14555561 a prime number?
True
Is 2648862721 a prime number?
False
Is 6515278247 prime?
True
Is 4511813671 composite?
True
Is 15804591871 composite?
False
Is 6917510767 prime?
True
Is 168625367 composite?
False
Is 637876453 a composite number?
False
Is 1380184229 prime?
False
Is 1736485697 a prime number?
True
Is 11002047619 composite?
False
Is 174873684049 a composite number?
True
Is 33962959 composite?
False
Is 9882874867 a prime number?
True
Is 10720749191 prime?
False
Is 3370843031 prime?
True
Is 99390715 prime?
False
Is 233511673 prime?
False
Is 666467033 a prime number?
True
Is 286515529 a composite number?
True
Is 6947270299 a composite number?
False
Is 6119341849 composite?
True
Is 71809720667 a prime number?
True
Is 43936525531 prime?
False
Is 18691475083 prime?
True
Is 2010405679 a composite number?
True
Is 223568408213 prime?
False
Is 4609909393 prime?
False
Is 46979458511 composite?
True
Is 760706381 a prime number?
True
Is 6444424703 composite?
False
Is 252724811 a prime number?
True
Is 2361481445 prime?
False
Is 740759447 prime?
True
Is 4092937007 a prime number?
True
Is 3113468123 a prime number?
True
Is 2602290967 composite?
False
Is 1038959891 a prime number?
True
Is 9223500521 a composite number?
False
Is 1872640337 a composite number?
True
Is 3479692603 prime?
True
Is 252399367 a composite number?
True
Is 26314318951 composite?
False
Is 8970251449 composite?
True
Is 484216393 a prime number?
False
Is 275938931 a composite number?
False
Is 1491014297 a prime number?
False
Is 552507299 composite?
False
Is 545496269 a prime number?
True
Is 3128144491 a prime number?
False
Is 1087970239 prime?
False
Is 2726910583 composite?
False
Is 11142530393 prime?
False
Is 6522158119 a composite number?
True
Is 7706752091 a prime number?
True
Is 573668411 a prime number?
False
Is 6776894849 a prime number?
False
Is 123666154099 composite?
False
Is 58390302391 prime?
False
Is 109314977561 a composite number?
True
Is 175828099 composite?
False
Is 429303881 a composite number?
True
Is 9466293511 composite?
False
Is 3409553437 composite?
False
Is 2716978673 prime?
False
Is 4049274667 a prime number?
True
Is 5059156831 prime?
True
Is 3899129807 a composite number?
True
Is 5448819391 a composite number?
False
Is 27735931957 a prime number?
True
Is 81656956637 composite?
False
Is 3859033489 composite?
False
Is 5330205613 a prime number?
False
Is 834584537 composite?
True
Is 193190143 a prime number?
False
Is 928274747 a composite number?
False
Is 1768670329 composite?
True
Is 1114993757 prime?
False
Is 73138538519 prime?
False
Is 73250663131 composite?
False
Is 2295515281 prime?
True
Is 48390931 a prime number?
False
Is 36808342049 composite?
True
Is 552651767 a prime number?
False
Is 1841499823 composite?
True
Is 1182347321 a prime number?
False
Is 1448330927 composite?
False
Is 1774472113 composite?
False
Is 25082187551 prime?
False
Is 538329457 prime?
False
Is 4582708043 composite?
False
Is 212234039 a prime number?
False
Is 263096851 composite?
True
Is 252760689067 a prime number?
True
Is 1614529681 pri